-4*r = -d - 16. What is the greatest common divisor of 21 and r?
3
Let w(f) = 12*f. Let m be w(-5). Let d be 1*2*m/(-24). Suppose 160 = d*u - 3*u. Calculate the highest common factor of u and 10.
10
Let q be 42/(-1*(-24)/(-18))*-2. What is the highest common factor of 36 and q?
9
Let r = -1 + 4. Suppose 3*t = -r*l + 4*l + 46, 4*t = 5*l + 65. Let s be 5 + ((-8)/2 - -9). What is the highest common factor of t and s?
5
Let d be (-4)/26 + 164/52 + 2. Suppose -3*k + 0*k = d*q - 253, 5*k - 443 = -3*q. What is the greatest common divisor of 13 and k?
13
Let z(i) = 4*i - 1. Let y be z(1). Let a be 3*((-32)/(-12) - y). Let n be (a/(-3))/((-5)/(-90)). What is the greatest common divisor of n and 18?
6
Let g = 33 - 8. Let n be (-2626)/(-260) - 1/10. Calculate the greatest common factor of g and n.
5
Let f = 4 + 1. Suppose -y = v + 3*v - 35, f*v = 3*y + 31. Let c = -23 + 31. What is the greatest common divisor of v and c?
8
Let j be 23/7 + 8/(-28). Suppose 0*k - 2*t = -2*k + 58, j*k = -5*t + 95. Let v be ((-4)/2)/((-4)/k). What is the highest common factor of v and 135?
15
Let v be (4/6)/(10/120). Suppose x + v = 5*x. Suppose -x*q + 145 = 35. What is the highest common factor of q and 22?
11
Let t be 4/(-10) + 22/(-20)*-84. Let n be (25 - 2) + 2 + -2. Calculate the greatest common factor of n and t.
23
Let d be 43/2*(-5 + 7). Let l = 44 - d. Let p(m) = -2*m - 3. Let z be p(-6). Calculate the greatest common factor of l and z.
1
Suppose -s + 85 = -0*s. Let a(q) = q + 30. Let b be a(4). What is the greatest common factor of s and b?
17
Suppose -616 = -4*w + 4*n, -24*n = 3*w - 23*n - 466. What is the greatest common factor of 65 and w?
5
Suppose -2*c - 36 + 134 = 0. Suppose 0 = -m + 4*m + 5*k - c, k + 11 = 2*m. Let z be 700/8 - (-2)/4. Calculate the greatest common divisor of z and m.
8
Let r = -36 - -51. What is the greatest common factor of r and 55?
5
Let w(k) = k + 25. Suppose 64 - 19 = -5*x. Let i be w(x). Let l = 87 - 47. Calculate the greatest common divisor of i and l.
8
Let z(v) = -v**3 - 14*v**2 - 9*v - 6. Let r be (-4)/18 - (-125)/(-45). Let n be 34/4*-2 - r. Let p be z(n). Calculate the greatest common factor of 15 and p.
15
Let x(p) = 2*p**2 + 135*p - 322. Let d be x(-71). Calculate the highest common factor of d and 945.
35
Suppose 7*l - 5*l = -2*u + 218, 2*l = 3*u + 228. Calculate the greatest common factor of l and 3.
3
Suppose -29 - 26 = -5*i. Suppose 63*t - 1518 = 57*t. Calculate the highest common factor of t and i.
11
Suppose -x = -3*v + 37, -5*v + 9*v - 2*x - 48 = 0. Calculate the greatest common factor of v and 104.
13
Let o = 2711 - 2697. Suppose 3*i + 2*i - 630 = 0. What is the highest common divisor of o and i?
14
Suppose 42*m = 39*m + 6. Suppose -3*a - 73 = -5*t - 7, m = -a. What is the greatest common factor of 18 and t?
6
Let g(p) = p**3 + 6*p**2 + 6*p - 35. Let b be g(5). What is the greatest common factor of b and 108?
54
Suppose 2*h + 108 = 4*h + 4*a, 3*h - 2*a - 194 = 0. Let r = h + -2. Calculate the highest common divisor of 12 and r.
12
Let f(r) = -2*r - 11. Let u be f(-7). Suppose -t - u - 5 = -2*d, -20 = -5*d - 2*t. Suppose -2 = -k + 2. What is the greatest common factor of k and d?
4
Let d = -2 + 7. Suppose d*a + 14 + 1 = 0. Let s be 1332/10 - a/(-15). What is the greatest common divisor of s and 19?
19
Let t be -12*((-162)/15 + 0)*5. What is the greatest common divisor of 72 and t?
72
Suppose -3*t + 0*i + 2*i = -162, t + 5*i = 54. Let q(z) = -z**3 - 5*z**2 - 6*z - 2. Let f be q(-4). Calculate the greatest common divisor of t and f.
6
Suppose -6 = -2*n + 12. Suppose 83 = n*b + 2. Let w(q) = 6*q. Let v be w(3). Calculate the highest common factor of b and v.
9
Suppose -5*a - 3*i - 2*i = -35, 5*a - 4*i = 62. Suppose -5 = -a*g + 95. What is the greatest common divisor of 20 and g?
10
Suppose 4*j = -5*i + 63, 5*j - 3*i = -0*j + 125. Let r = 67 - j. Let o(q) = q - 5. Let l be o(10). What is the greatest common factor of l and r?
5
Suppose -24 = -6*h - 6. What is the greatest common factor of 3 and h?
3
Let n = -224 - -235. What is the highest common divisor of 8 and n?
1
Let h = -29 - -46. Let m(a) = 5*a**2 + 36*a + 155. Let p be m(-8). Calculate the greatest common factor of h and p.
17
Let r = -388 - -391. What is the greatest common factor of 27 and r?
3
Let d be (-4)/20 - 222/(-10). Calculate the highest common divisor of 2 and d.
2
Let d be -4*-16*(-1)/2. Suppose 0 = -4*o - 78 - 146. Let w = d - o. Calculate the greatest common divisor of 6 and w.
6
Let z = -87 - -147. Calculate the greatest common factor of z and 24.
12
Let z be (-219)/6*(-5 - -3). Suppose 0 = l - z - 32. Let x(b) = 2*b**2 + b. Let m be x(-3). Calculate the greatest common factor of l and m.
15
Suppose 5*p - 5*m = -2*m + 372, 0 = p - 4*m - 71. Calculate the highest common factor of p and 3.
3
Suppose -8 - 20 = -7*v. Let u(x) = 2*x**2 - 10*x - 8. Let p be u(6). Calculate the highest common factor of v and p.
4
Let l(o) = -20*o - 5. Let n be l(-6). Suppose -5*b + 40 = -n. Suppose 22*j - 21*j + 2*u = 33, -4*j + 2*u = -122. What is the greatest common divisor of j and b?
31
Let g be -3 + 1 - (-71 - (-3 + 3)). Calculate the highest common factor of g and 621.
69
Let f(l) = l + 10. Let t be f(11). Let y = -6 + t. What is the highest common factor of 10 and y?
5
Suppose 40 = 5*b - 5*w, -2*b - 5*w = -1 - 1. Let o be (-8)/b*(-99)/22. Calculate the highest common factor of 6 and o.
6
Let g be 1*2*((-14)/4 + 4). Suppose 3*d - 11 - 7 = 0. Let q be ((-1)/g)/(d/(-18)). What is the highest common factor of q and 12?
3
Let t(i) = i**3 + 2*i**2 + 3*i - 8. Let b be t(3). What is the greatest common factor of 1242 and b?
46
Let i be ((-3720)/600)/(1/(-10)). What is the highest common factor of 93 and i?
31
Suppose -3*o = -69 - 57. Let h be (30/9)/2 + (-1)/(-3). Suppose -5*k = -4*j - 63 - 11, h*j - 40 = -3*k. What is the greatest common divisor of o and k?
14
Suppose q + 144 = 2*q. Suppose n - q = -n. Let j(o) = -2*o**3 - 18*o**2 + 8. Let z be j(-9). What is the greatest common factor of n and z?
8
Let j(x) = 1. Let y(v) = 2*v + 15. Let c(p) = 3*j(p) - y(p). Let m be c(-7). Suppose -1 = m*z - 33. Calculate the highest common divisor of 40 and z.
8
Let o be 40/22 + (-6)/(-33). Let b be (-3)/o*(-2)/3. Let t be -3*b/(9/(-24)). What is the highest common factor of 40 and t?
8
Let s be ((-216)/(-198))/(10/55). What is the highest common divisor of s and 14?
2
Suppose 20*y - 36*y + 20592 = 0. What is the greatest common divisor of 78 and y?
39
Let d = -686 - -692. What is the greatest common divisor of d and 402?
6
Let k = 3 + 214. Calculate the greatest common divisor of 31 and k.
31
Suppose 20*r - 28*r + 1760 = 0. What is the highest common factor of r and 55?
55
Let t be (15 - 7) + (1 - 1). Suppose h + 4*j = -2*h - t, 3*j = h - 19. Let l be (-1)/2 + 146/h. Calculate the greatest common factor of l and 24.
12
Let v be -132*(-2)/(-2 - -6). What is the greatest common factor of 132 and v?
66
Let b = -4 + 8. Let g(z) be the second derivative of 15*z**3/2 - 9*z**2/2 - 3*z. Let i be g(b). Calculate the highest common divisor of 19 and i.
19
Suppose 3*j = 0, 0 = 3*w + 5*j - 6*j - 48. Suppose 4*y = 430 - 398. What is the greatest common factor of w and y?
8
Let g be ((-2)/(-5))/(2/80). Let f be (-332)/(-3) - -4*4/12. Calculate the greatest common factor of f and g.
16
Let f(p) = -30*p + 2. Let r be f(-4). Let o = r - -4. Calculate the greatest common divisor of o and 14.
14
Let o = -38 + 47. Suppose -o*j + 160 = -5*j. Suppose 117 = -2*b + 317. What is the highest common factor of j and b?
20
Suppose 2*c + 8 = 40. Let k be (-1)/(2/28*-2). Let o = c - k. Calculate the highest common factor of o and 1.
1
Let i be 74 - (4*1)/2. Let m(g) = -499*g - 3475. Let y be m(-7). Calculate the highest common divisor of y and i.
18
Let q be 5/((-210)/(-205) + -1) + 4. What is the highest common factor of q and 19?
19
Let s = -30 + 37. Suppose s*p = 12*p - 1200. What is the highest common factor of 30 and p?
30
Let o be 3 - ((-3375)/30 - (-6)/4). Calculate the highest common factor of o and 836.
38
Suppose 0 = -41*x + 42*x - 3. Suppose 0 = s - 4, 0 = -3*p - x*s + 185 + 34. Calculate the highest common factor of 92 and p.
23
Suppose 2*t - 28 = 3*j, -27 - 29 = -4*t - j. Suppose -41 = -5*y + t. What